{"id":122,"date":"2021-03-26T03:56:44","date_gmt":"2021-03-26T03:56:44","guid":{"rendered":"https:\/\/odontologia.uaz.edu.mx\/?page_id=122"},"modified":"2025-12-09T12:59:08","modified_gmt":"2025-12-09T18:59:08","slug":"vision","status":"publish","type":"page","link":"https:\/\/odontologia.uaz.edu.mx\/?page_id=122","title":{"rendered":"Perfil profesional"},"content":{"rendered":"\t\t<div data-elementor-type=\"wp-page\" data-elementor-id=\"122\" class=\"elementor elementor-122\">\n\t\t\t\t\t\t<section class=\"elementor-section elementor-top-section elementor-element elementor-element-c8a40f7 elementor-section-boxed elementor-section-height-default elementor-section-height-default\" data-id=\"c8a40f7\" data-element_type=\"section\" data-e-type=\"section\">\n\t\t\t\t\t\t<div class=\"elementor-container elementor-column-gap-default\">\n\t\t\t\t\t<div class=\"elementor-column elementor-col-100 elementor-top-column elementor-element elementor-element-493c9540\" data-id=\"493c9540\" data-element_type=\"column\" data-e-type=\"column\">\n\t\t\t<div class=\"elementor-widget-wrap elementor-element-populated\">\n\t\t\t\t\t\t<div class=\"elementor-element elementor-element-24a5a5fc elementor-widget elementor-widget-text-editor\" data-id=\"24a5a5fc\" data-element_type=\"widget\" data-e-type=\"widget\" data-widget_type=\"text-editor.default\">\n\t\t\t\t<div class=\"elementor-widget-container\">\n\t\t\t\t\t\t\t\t\t<h3>\u00a0<\/h3><h3>\u00a0<\/h3><h3>\u00a0<\/h3><h3>Misi\u00f3n<\/h3><p>Como Instituci\u00f3n de Educaci\u00f3n Superior, la UAO\/UAZ en armon\u00eda con todo lo anterior, tiene como Misi\u00f3n fundamental formar profesionales de la odontolog\u00eda con niveles de excelencia en los aspectos acad\u00e9mico, social y profesional, mediante programas espec\u00edficos, propiciando en los estudiantes el desarrollo de las siguientes cualidades:<br \/>\uf0b7 Esp\u00edritu innovador y emprendedor.<\/p><ul><li>La vocaci\u00f3n de l\u00edder comprometido con la comunidad.<\/li><li>La honradez, el respeto.<\/li><li>Apego a los valores culturales de la comunidad.<\/li><li>Compromiso social.<\/li><\/ul>\t\t\t\t\t\t\t\t<\/div>\n\t\t\t\t<\/div>\n\t\t\t\t<div class=\"elementor-element elementor-element-496cbed9 elementor-widget elementor-widget-spacer\" data-id=\"496cbed9\" data-element_type=\"widget\" data-e-type=\"widget\" data-widget_type=\"spacer.default\">\n\t\t\t\t<div class=\"elementor-widget-container\">\n\t\t\t\t\t\t\t<div class=\"elementor-spacer\">\n\t\t\t<div class=\"elementor-spacer-inner\"><\/div>\n\t\t<\/div>\n\t\t\t\t\t\t<\/div>\n\t\t\t\t<\/div>\n\t\t\t\t<div class=\"elementor-element elementor-element-652e6d02 elementor-widget elementor-widget-text-editor\" data-id=\"652e6d02\" data-element_type=\"widget\" data-e-type=\"widget\" data-widget_type=\"text-editor.default\">\n\t\t\t\t<div class=\"elementor-widget-container\">\n\t\t\t\t\t\t\t\t\t<h3>Visi\u00f3n<\/h3><p><br \/>De igual forma, su Visi\u00f3n 2020 establece que tanto la Licenciatura de M\u00e9dico Cirujano Dentista como la Especialidad en Odontopediatr\u00eda mantendr\u00e1n su nivel de reconocimiento como programas educativos de calidad -otorgados a la Licenciatura por los CIEES y CONAEDO y el reconocimiento por el PNPC al posgrado-, como Programas de Excelencia Acad\u00e9mica. Se contar\u00e1 con dos salidas colaterales de T\u00e9cnico Superior Universitario, se tendr\u00e1 un curriculum actualizado, pertinente, flexible y con movilidad acad\u00e9mica nacional e internacional de estudiantes y profesores, lo que permitir\u00e1 la mejora de la calidad del proceso de ense\u00f1anza aprendizaje y la r\u00e1pida inserci\u00f3n de los egresados en el mercado laboral. Habr\u00e1 dos Cuerpos Acad\u00e9micos consolidados y otros en consolidaci\u00f3n y en formaci\u00f3n, los cuales formar\u00e1n parte de redes de investigadores nacionales e internacionales que incidir\u00e1n en el desarrollo de la odontolog\u00eda.<br \/>Se actualizar\u00e1 la base de datos de egresados y se mantendr\u00e1 la metodolog\u00eda propuesta por la ANUIES para seguir operando el Programa de Seguimiento de Egresados, a partir del cual se conservar\u00e1 la estrecha relaci\u00f3n con los egresados ofreciendo a estos un Programa de Educaci\u00f3n Continua que contribuya a su formaci\u00f3n, capacitaci\u00f3n y actualizaci\u00f3n. La eficiencia terminal ser\u00e1 mayor al 90% gracias tanto a la instauraci\u00f3n del PIT como a espacios f\u00edsicos, materiales y equipos suficientes, adecuados y modernos para las labores de la docencia, la investigaci\u00f3n, la extensi\u00f3n y la vinculaci\u00f3n, dirigidas hacia las comunidades sociales m\u00e1s necesitadas, a trav\u00e9s de la generaci\u00f3n de proyectos, programas y acciones especificas, garantizando con ello la calidad en la formaci\u00f3n de los nuevos Odont\u00f3logos.<\/p>\t\t\t\t\t\t\t\t<\/div>\n\t\t\t\t<\/div>\n\t\t\t\t\t<\/div>\n\t\t<\/div>\n\t\t\t\t\t<\/div>\n\t\t<\/section>\n\t\t\t\t<section class=\"elementor-section elementor-top-section elementor-element elementor-element-6f69263d elementor-section-boxed elementor-section-height-default elementor-section-height-default\" data-id=\"6f69263d\" data-element_type=\"section\" data-e-type=\"section\">\n\t\t\t\t\t\t<div class=\"elementor-container elementor-column-gap-no\">\n\t\t\t\t\t<div class=\"elementor-column elementor-col-100 elementor-top-column elementor-element elementor-element-58835bfe\" data-id=\"58835bfe\" data-element_type=\"column\" data-e-type=\"column\">\n\t\t\t<div class=\"elementor-widget-wrap elementor-element-populated\">\n\t\t\t\t\t\t<div class=\"elementor-element elementor-element-7ad3c931 elementor-pagination-position-inside elementor-widget elementor-widget-image-carousel\" data-id=\"7ad3c931\" data-element_type=\"widget\" data-e-type=\"widget\" data-settings=\"{&quot;slides_to_show&quot;:&quot;1&quot;,&quot;navigation&quot;:&quot;dots&quot;,&quot;autoplay&quot;:&quot;yes&quot;,&quot;pause_on_hover&quot;:&quot;yes&quot;,&quot;pause_on_interaction&quot;:&quot;yes&quot;,&quot;autoplay_speed&quot;:5000,&quot;infinite&quot;:&quot;yes&quot;,&quot;effect&quot;:&quot;slide&quot;,&quot;speed&quot;:500}\" data-widget_type=\"image-carousel.default\">\n\t\t\t\t<div class=\"elementor-widget-container\">\n\t\t\t\t\t\t\t<div class=\"elementor-image-carousel-wrapper swiper\" role=\"region\" aria-roledescription=\"carousel\" aria-label=\"Carrusel de Im\u00e1genes\" dir=\"ltr\">\n\t\t\t<div class=\"elementor-image-carousel swiper-wrapper\" aria-live=\"off\">\n\t\t\t\t\t\t\t\t<div class=\"swiper-slide\" role=\"group\" aria-roledescription=\"slide\" aria-label=\"1 de 3\"><figure class=\"swiper-slide-inner\"><img decoding=\"async\" class=\"swiper-slide-image\" src=\"https:\/\/odontologia.uaz.edu.mx\/wp-content\/uploads\/2021\/03\/DSC01645.jpg\" alt=\"DSC01645\" \/><\/figure><\/div><div class=\"swiper-slide\" role=\"group\" aria-roledescription=\"slide\" aria-label=\"2 de 3\"><figure class=\"swiper-slide-inner\"><img decoding=\"async\" class=\"swiper-slide-image\" src=\"https:\/\/odontologia.uaz.edu.mx\/wp-content\/uploads\/2021\/03\/DSC01661.jpg\" alt=\"DSC01661\" \/><\/figure><\/div><div class=\"swiper-slide\" role=\"group\" aria-roledescription=\"slide\" aria-label=\"3 de 3\"><figure class=\"swiper-slide-inner\"><img decoding=\"async\" class=\"swiper-slide-image\" src=\"https:\/\/odontologia.uaz.edu.mx\/wp-content\/uploads\/2021\/03\/DSC01652.jpg\" alt=\"DSC01652\" \/><\/figure><\/div>\t\t\t<\/div>\n\t\t\t\t\t\t\t\n\t\t\t\t\t\t\t\t\t<div class=\"swiper-pagination\"><\/div>\n\t\t\t\t\t\t\t\t\t<\/div>\n\t\t\t\t\t\t<\/div>\n\t\t\t\t<\/div>\n\t\t\t\t\t<\/div>\n\t\t<\/div>\n\t\t\t\t\t<\/div>\n\t\t<\/section>\n\t\t\t\t<section class=\"elementor-section elementor-top-section elementor-element elementor-element-208c484b elementor-section-boxed elementor-section-height-default elementor-section-height-default\" data-id=\"208c484b\" data-element_type=\"section\" data-e-type=\"section\">\n\t\t\t\t\t\t<div class=\"elementor-container elementor-column-gap-default\">\n\t\t\t\t\t<div class=\"elementor-column elementor-col-100 elementor-top-column elementor-element elementor-element-5e421fd9\" data-id=\"5e421fd9\" data-element_type=\"column\" data-e-type=\"column\">\n\t\t\t<div class=\"elementor-widget-wrap elementor-element-populated\">\n\t\t\t\t\t\t<div class=\"elementor-element elementor-element-6b762ebd elementor-widget elementor-widget-text-editor\" data-id=\"6b762ebd\" data-element_type=\"widget\" data-e-type=\"widget\" data-widget_type=\"text-editor.default\">\n\t\t\t\t<div class=\"elementor-widget-container\">\n\t\t\t\t\t\t\t\t\t<h3>Objetivos de la carrera<\/h3><ul><li>Propiciar en los estudiantes la adquisici\u00f3n de competencias profesionales y laborales requeridas para insertarse competitivamente en el mundo de trabajo y responder de forma eficiente y eficaz en la generaci\u00f3n, recreaci\u00f3n y aplicaci\u00f3n de los conocimientos cl\u00ednico \u2013 biol\u00f3gicos, socio \u2013 administrativos, de investigaci\u00f3n y educativos; para contribuir a solucionar problemas y necesidades de salud de la comunidad y resolver particularmente los de la cavidad bucal en forma integral (est\u00e9tica, funcional y arm\u00f3nica) en las dimensiones colectiva e individual, mediante el ejercicio de pr\u00e1cticas profesionales a trav\u00e9s de acciones de investigaci\u00f3n \u2013 educaci\u00f3n \u2013 servicio.<\/li><li>Fomentar la adquisici\u00f3n de los valores propios de la profesi\u00f3n y de la Universidad para propiciar en el estudiante, un comportamiento \u00e9tico en todos los sentidos y con apego al compromiso social.<\/li><li>Promover la interacci\u00f3n con espacios o centros de investigaci\u00f3n de otras instituciones para el desarrollo de acciones conjuntas que propicien el establecimiento de redes acad\u00e9micas, con el prop\u00f3sito de llevar los resultados a las aulas y las cl\u00ednicas.<\/li><\/ul>\t\t\t\t\t\t\t\t<\/div>\n\t\t\t\t<\/div>\n\t\t\t\t\t<\/div>\n\t\t<\/div>\n\t\t\t\t\t<\/div>\n\t\t<\/section>\n\t\t\t\t<section class=\"elementor-section elementor-top-section elementor-element elementor-element-d2d452a elementor-section-boxed elementor-section-height-default elementor-section-height-default\" data-id=\"d2d452a\" data-element_type=\"section\" data-e-type=\"section\">\n\t\t\t\t\t\t<div class=\"elementor-container elementor-column-gap-default\">\n\t\t\t\t\t<div class=\"elementor-column elementor-col-100 elementor-top-column elementor-element elementor-element-b4662d2\" data-id=\"b4662d2\" data-element_type=\"column\" data-e-type=\"column\">\n\t\t\t<div class=\"elementor-widget-wrap elementor-element-populated\">\n\t\t\t\t\t\t<div class=\"elementor-element elementor-element-91e279e elementor-widget elementor-widget-text-editor\" data-id=\"91e279e\" data-element_type=\"widget\" data-e-type=\"widget\" data-widget_type=\"text-editor.default\">\n\t\t\t\t<div class=\"elementor-widget-container\">\n\t\t\t\t\t\t\t\t\t<h3>Perfil de ingreso<\/h3><p>El aspirante a ingresar a la Unidad Acad\u00e9mica de Odontolog\u00eda, deber\u00e1 cubrir un perfil definido por elementos que le permitan tener un desarrollo \u00f3ptimo en el transcurso de su formaci\u00f3n profesional, como son:<\/p><ul><li>Tener vocaci\u00f3n por las ciencias que involucra el \u00e1rea de su desempe\u00f1o.<\/li><li>Estar familiarizado con el ethos y el logos de la odontolog\u00eda.<\/li><li>Contar con habilidades e inteligencia cognitiva acorde a su edad.<\/li><li>Poseer capacidad para la resoluci\u00f3n de problemas que se le presenten tanto de la cotidianidad como de las inherentes al \u00c1rea y a la Unidad Acad\u00e9mica.<\/li><li>Tener capacidad para el trabajo inter, multi y transdisciplinario, todo ello con un sustento \u00e9tico y enmarcado en los valores de tolerancia, responsabilidad, respeto y esp\u00edritu de servicio que le permitan tener un desarrollo \u00f3ptimo en las tareas encomendadas, fundamentalmente en la de mantener y\/o elevar la salud en beneficio tanto del individuo como de la colectividad.<\/li><li>Estar familiarizado con las formas de interacci\u00f3n interpersonales (con pacientes y personal de salud)<\/li><li>Tener conocimiento de las formas de comunicaci\u00f3n oral y escrita en ciencias de la salud.<\/li><li>Tener conocimiento de las ciencias b\u00e1sicas.<\/li><li>Ser competente en lectura y redacci\u00f3n.<\/li><li>Poseer el dominio m\u00ednimo del razonamiento matem\u00e1tico y de sus operaciones fundamentales.<\/li><\/ul><p>Tambi\u00e9n deber\u00e1 poseer una serie de habilidades y cualidades no cognitivas; destrezas para relacionarse, as\u00ed como elementos probables de vocaci\u00f3n por la odontolog\u00eda, como son:<\/p><ul><li>Actitud positiva hacia la profesi\u00f3n.<\/li><li>Inteligencia cognitiva (emocional).<\/li><li>Habilidades espaciales.<\/li><li>Destreza manual.<\/li><li>Responsabilidad.<\/li><li>Respeto.<\/li><li>Empat\u00eda.<\/li><li>Tolerancia.<\/li><li>Esp\u00edritu de servicio.<\/li><li>Atingencia profesional y social.<\/li><\/ul><p>La identificaci\u00f3n de esta serie de cualidades ha de realizarse mediante el desarrollo de un curso proped\u00e9utico, que incluya actividades que pongan de manifiesto las actitudes y habilidades buscadas.<\/p>\t\t\t\t\t\t\t\t<\/div>\n\t\t\t\t<\/div>\n\t\t\t\t\t<\/div>\n\t\t<\/div>\n\t\t\t\t\t<\/div>\n\t\t<\/section>\n\t\t\t\t<section class=\"elementor-section elementor-top-section elementor-element elementor-element-7eafb79 elementor-section-boxed elementor-section-height-default elementor-section-height-default\" data-id=\"7eafb79\" data-element_type=\"section\" data-e-type=\"section\">\n\t\t\t\t\t\t<div class=\"elementor-container elementor-column-gap-default\">\n\t\t\t\t\t<div class=\"elementor-column elementor-col-100 elementor-top-column elementor-element elementor-element-dd7cc91\" data-id=\"dd7cc91\" data-element_type=\"column\" data-e-type=\"column\">\n\t\t\t<div class=\"elementor-widget-wrap elementor-element-populated\">\n\t\t\t\t\t\t<div class=\"elementor-element elementor-element-8b6bf85 elementor-widget elementor-widget-text-editor\" data-id=\"8b6bf85\" data-element_type=\"widget\" data-e-type=\"widget\" data-widget_type=\"text-editor.default\">\n\t\t\t\t<div class=\"elementor-widget-container\">\n\t\t\t\t\t\t\t\t\t<h3>Perfil de egreso<\/h3><p>El perfil del egresado se describe en t\u00e9rminos de competencia, conocimiento y familiaridad, tomando en cuenta fundamentalmente las definiciones establecidas por la Comunidad Europea en al \u00e1mbito de educaci\u00f3n en odontolog\u00eda:<\/p><ul><li>Ser competente en: El egresado debe tener conocimiento te\u00f3rico s\u00f3lido y comprensi\u00f3n del tema, adem\u00e1s de contar con experiencia cl\u00ednica adecuada para poder resolver los problemas cl\u00ednicos que se le presenten de manera independiente o sin asistencia.<\/li><li>Tener conocimiento de: El egresado debe tener conocimiento te\u00f3rico s\u00f3lido y comprensi\u00f3n del tema, pero s\u00f3lo requiere una experiencia cl\u00ednica o pr\u00e1ctica limitada.<\/li><li>Estar familiarizado con: El egresado debe tener una comprensi\u00f3n b\u00e1sica del tema, pero no requiere tener experiencia cl\u00ednica directa ni se espera que realice los procedimientos de manera independiente.<\/li><\/ul><p>Los resultados de aprendizaje propuestos se describen en cuatro dominios:<\/p><ul><li>Habilidades cl\u00ednicas.<\/li><li>Comunicaci\u00f3n.<\/li><li>Profesionalismo.<\/li><li>Administraci\u00f3n.<\/li><\/ul><p>El dominio cl\u00ednico describe habilidades intradisciplinarias (propias de la odontolog\u00eda) mientras que los otros tres dominios incluyen habilidades intra e interdisciplinarias.\u00a0<\/p><p>\u00a0<\/p><p>\u00a0<\/p>\t\t\t\t\t\t\t\t<\/div>\n\t\t\t\t<\/div>\n\t\t\t\t\t<\/div>\n\t\t<\/div>\n\t\t\t\t\t<\/div>\n\t\t<\/section>\n\t\t\t\t<\/div>\n\t\t","protected":false},"excerpt":{"rendered":"<p>\u00a0 \u00a0 \u00a0 Misi\u00f3n Como Instituci\u00f3n de Educaci\u00f3n Superior, la UAO\/UAZ en armon\u00eda con todo lo anterior, tiene como Misi\u00f3n fundamental formar profesionales de la odontolog\u00eda con niveles de excelencia en los aspectos acad\u00e9mico, social y profesional, mediante programas espec\u00edficos, propiciando en los estudiantes el desarrollo de las siguientes cualidades:\uf0b7 Esp\u00edritu innovador y emprendedor. La [&hellip;]<\/p>\n","protected":false},"author":3,"featured_media":0,"parent":0,"menu_order":0,"comment_status":"closed","ping_status":"closed","template":"","meta":{"footnotes":""},"folder":[],"class_list":["post-122","page","type-page","status-publish","hentry"],"_links":{"self":[{"href":"https:\/\/odontologia.uaz.edu.mx\/index.php?rest_route=\/wp\/v2\/pages\/122","targetHints":{"allow":["GET"]}}],"collection":[{"href":"https:\/\/odontologia.uaz.edu.mx\/index.php?rest_route=\/wp\/v2\/pages"}],"about":[{"href":"https:\/\/odontologia.uaz.edu.mx\/index.php?rest_route=\/wp\/v2\/types\/page"}],"author":[{"embeddable":true,"href":"https:\/\/odontologia.uaz.edu.mx\/index.php?rest_route=\/wp\/v2\/users\/3"}],"replies":[{"embeddable":true,"href":"https:\/\/odontologia.uaz.edu.mx\/index.php?rest_route=%2Fwp%2Fv2%2Fcomments&post=122"}],"version-history":[{"count":80,"href":"https:\/\/odontologia.uaz.edu.mx\/index.php?rest_route=\/wp\/v2\/pages\/122\/revisions"}],"predecessor-version":[{"id":2742,"href":"https:\/\/odontologia.uaz.edu.mx\/index.php?rest_route=\/wp\/v2\/pages\/122\/revisions\/2742"}],"wp:attachment":[{"href":"https:\/\/odontologia.uaz.edu.mx\/index.php?rest_route=%2Fwp%2Fv2%2Fmedia&parent=122"}],"wp:term":[{"taxonomy":"folder","embeddable":true,"href":"https:\/\/odontologia.uaz.edu.mx\/index.php?rest_route=%2Fwp%2Fv2%2Ffolder&post=122"}],"curies":[{"name":"wp","href":"https:\/\/api.w.org\/{rel}","templated":true}]}}